oes 23 divide 84793249?
True
Is 34427886 a multiple of 35?
False
Is 1154 a factor of 60435413?
False
Is 23 a factor of 50877725?
True
Does 312 divide 63294504?
True
Is 91304809 a multiple of 178?
False
Is 11185085 a multiple of 21?
False
Is 10910 a factor of 1621650492?
False
Does 29 divide 4376136?
False
Is 747 a factor of 276000066?
True
Is 41586864 a multiple of 1264?
True
Does 38 divide 176414734?
True
Does 57 divide 746187?
True
Is 3058812055 a multiple of 15?
False
Is 2146176 a multiple of 54?
True
Is 2372 a factor of 1238519494?
False
Is 56 a factor of 9579952?
False
Is 24 a factor of 9429480?
True
Is 203744110 even?
True
Does 244 divide 402449696?
True
Is 2453 a factor of 192151361?
False
Is 2819204761 a multiple of 366?
False
Does 24 divide 3257147?
False
Is 30 a factor of 219370006?
False
Does 5378 divide 167635714?
False
Is 19220380 even?
True
Is 43 a factor of 425410449?
False
Is 1158 a factor of 12682416?
True
Is 961 a factor of 509149332?
True
Is 102845876 a multiple of 5?
False
Is 34 a factor of 36689574?
False
Is 64 a factor of 688482812?
False
Is 521685646 a multiple of 1747?
True
Does 73 divide 85283724?
False
Is 642 a factor of 87848070?
True
Does 26 divide 1489211237?
False
Is 13305 a factor of 2547641400?
True
Is 397459720 a multiple of 371?
True
Is 1136 a factor of 15080400?
True
Is 69 a factor of 2068827?
True
Is 1393283040 a multiple of 564?
True
Is 29 a factor of 567030040?
True
Is 436844 a multiple of 70?
False
Does 4242 divide 58576394?
False
Is 6314457 a multiple of 2?
False
Is 107 a factor of 4175133045?
True
Is 517 a factor of 13432694?
True
Is 949 a factor of 132002104?
True
Is 2468086800 a multiple of 12?
True
Is 131752840 a multiple of 6?
False
Is 1202 a factor of 324769853?
False
Does 4981 divide 456372728?
False
Is 1652215328 a multiple of 4258?
False
Is 684 a factor of 4817412?
True
Is 870891833 a multiple of 271?
True
Does 44 divide 112297154?
False
Does 192 divide 440843520?
True
Is 346202368 a multiple of 1436?
True
Is 27899836 a multiple of 727?
False
Is 965 a factor of 88671943?
False
Does 134 divide 84039172?
True
Does 6715 divide 283865787?
False
Is 1250443 a multiple of 15?
False
Is 61460910 a multiple of 945?
True
Is 2 a factor of 44641244?
True
Is 4 a factor of 11083544?
True
Is 3555 a factor of 940510800?
True
Does 137 divide 26690155?
False
Is 262425205 a multiple of 3806?
False
Is 38104832 a multiple of 3223?
False
Does 1182 divide 202188192?
True
Is 71653946 a multiple of 208?
False
Is 930726405 a multiple of 35?
True
Is 1859266716 a multiple of 12?
True
Is 3499928639 a multiple of 48?
False
Is 1668 a factor of 689461128?
True
Does 1819 divide 259535255?
False
Is 111 a factor of 79380318?
True
Is 37256607 a multiple of 1391?
False
Is 148 a factor of 1876759697?
False
Does 233 divide 3732801897?
True
Is 776947200 a multiple of 160?
True
Is 29268978 a multiple of 9?
False
Is 1125 a factor of 834614595?
False
Is 347 a factor of 9568697?
False
Does 94 divide 495245486?
True
Does 544 divide 1058624?
True
Is 164554573 a multiple of 449?
False
Does 4548 divide 435834840?
True
Does 4630 divide 138923150?
True
Is 613 a factor of 10774701?
True
Is 18 a factor of 851248316?
False
Is 15293892 a multiple of 16?
False
Is 57687435 a multiple of 403?
True
Is 924 a factor of 2308255569?
False
Is 13 a factor of 12002237?
True
Is 634 a factor of 1039905774?
False
Is 9 a factor of 166317813?
True
Does 5 divide 91579265?
True
Does 3 divide 3467250?
True
Is 16093215 a multiple of 2?
False
Is 6807545 a multiple of 3?
False
Is 40 a factor of 106302769?
False
Is 2409 a factor of 26675651?
False
Is 144874851 a multiple of 122?
False
Is 36015795 a multiple of 15?
True
Does 3561 divide 226360943?
False
Is 95517266 a multiple of 13?
True
Is 92 a factor of 7061276?
True
Does 19 divide 26653322?
False
Does 269 divide 221627486?
True
Is 16470272 a multiple of 112?
True
Is 39897452 a multiple of 3?
False
Is 1112 a factor of 141557600?
True
Is 1109 a factor of 64378728?
False
Is 3770911 a multiple of 4?
False
Is 116934227 a multiple of 39?
False
Does 27 divide 335404560?
False
Does 21 divide 1313003328?
True
Does 811 divide 37680180?
False
Is 3401 a factor of 51831240?
True
Does 385 divide 3963907255?
True
Is 359099803 a multiple of 13163?
True
Is 288 a factor of 939221960?
False
Is 290613457 a multiple of 4380?
False
Is 75118910 a multiple of 3238?
False
Does 94 divide 6358629?
False
Is 7 a factor of 3235778?
True
Does 3 divide 10488360?
True
Is 54 a factor of 11295795?
False
Is 34610506 a multiple of 14?
True
Is 45887842 a multiple of 2002?
True
Does 35 divide 2876075615?
True
Is 81 a factor of 32132133?
True
Is 22951337 a multiple of 6?
False
Is 2724228525 a multiple of 35?
False
Is 1961 a factor of 289466285?
False
Does 14 divide 136711890?
True
Does 6640 divide 2074993789?
False
Is 12 a factor of 394577304?
True
Is 191 a factor of 320588665?
False
Does 5 divide 1895840?
True
Is 10813267 a multiple of 483?
False
Is 794905385 a multiple of 2264?
False
Does 1261 divide 18915000?
True
Does 65 divide 350266475?
True
Is 3 a factor of 59184689?
False
Is 30436077 a multiple of 50?
False
Is 15292590 a multiple of 30?
True
Is 129655839 a multiple of 10?
False
Is 183554592 a multiple of 48?
True
Is 21 a factor of 675124248?
False
Does 9241 divide 3314487952?
True
Is 10072029 a multiple of 407?
True
Does 34 divide 1424289074?
False
Is 51733216 a multiple of 2084?
True
Does 249 divide 11914899?
True
Is 515740428 a multiple of 1302?
True
Is 808706131 a multiple of 4?
False
Is 74669724 a multiple of 183?
False
Does 21 divide 35085624?
True
Is 131418592 a multiple of 171?
False
Is 197157182 a multiple of 15?
False
Is 106 a factor of 59003204?
True
Is 1211463051 a multiple of 3172?
False
Is 193 a factor of 776107619?
True
Is 64362694 a multiple of 253?
True
Is 661152365 a multiple of 515?
True
Is 42 a factor of 2688420?
True
Is 3 a factor of 220511321?
False
Is 6861960185 a multiple of 23?
True
Is 88 a factor of 21602152?
True
Is 41462816 a multiple of 67?
True
Does 738 divide 55028577?
False
Does 17 divide 29188838?
False
Does 23 divide 62597320?
False
Is 164 a factor of 2943155?
False
Is 273 a factor of 5574438589?
False
Is 456042942 a multiple of 534?
True
Is 5184 a factor of 1344605184?
True
Is 573 a factor of 135136556?
False
Is 90172103 a multiple of 73?
False
Is 292524065 a multiple of 8?
False
Is 2203963894 a multiple of 11?
True
Does 739 divide 13437465?
False
Does 10 divide 44795000?
True
Is 483350011 a multiple of 5?
False
Does 15 divide 16550925?
True
Is 349976578 a multiple of 409?
False
Does 17 divide 23285141?
False
Is 2882 a factor of 37458142?
False
Is 138 a factor of 103767168?
True
Is 56 a factor of 29841560?
True
Does 51 divide 140917514?
False
Is 29949021 a multiple of 9?
True
Is 2212 a factor of 83127433?
False
Is 240621431 a multiple of 75?
False
Is 411 a factor of 617876398?
False
Does 454 divide 333770812?
True
Does 3570 divide 411181890?
True
Is 94 a factor of 258406?
True
Is 15 a factor of 28804320?
True
Is 13 a factor of 584142254?
False
Is 137 a factor of 369763959?
True
Does 277 divide 352432086?
True
Is 18 a factor of 140751585?
False
Is 14763310 a multiple of 92?
False
Is 661 a factor of 70480447?
True
Is 455 a factor of 1705805?
False
Does 40 divide 103853626?
False
Does 212 divide 2926371665?
False
Is 174 a factor of 67319861?
False
Is 40761632 a multiple of 4768?
True
Is 23 a factor of 922337976?
False
Does 7 divide 60613938?
True
Is 6 a factor of 1388166216?
True
Is 1086 a factor of 220247781?
False
Does 5896 divide 1392328608?
True
Is 194297400 a multiple of 440?
True
Does 6 divide 774833?
False
Is 9 a factor of 404544825?
True
Does 169 divide 954268751?
False
Is 653 a factor of 209127821?
True
Does 5 divide 725860?
True
Is 3654 a factor of 3046451900?
False
Does 2263 divide 203203983?
False
Is 159000420 a multiple of 2776?
False
Is 1781 a factor of 13127535?
False
Is 217 a factor of 1432838638?
False
Is 1791 a factor of 509999906?
False
Does 34 divide 1675989427?
False
Is 660 a factor of 29019135?
False
Does 207 divide 3326283?
True
Does 38 divide 30154520?
True
Is 7635 a factor of 1217768543?
False
Is 203588496 a multiple of 3?
True
Is 58052790 a multiple of 10?
True
Does 69 divide 803473329?
Tru